{"id":1229,"date":"2026-04-10T11:34:42","date_gmt":"2026-04-10T09:34:42","guid":{"rendered":"https:\/\/kurion.es\/?page_id=1229"},"modified":"2026-04-10T18:46:38","modified_gmt":"2026-04-10T16:46:38","slug":"formacion","status":"publish","type":"page","link":"https:\/\/centerstore.es\/","title":{"rendered":"FORMACI\u00d3N"},"content":{"rendered":"\t\t<div data-elementor-type=\"wp-page\" data-elementor-id=\"1229\" class=\"elementor elementor-1229\" data-elementor-post-type=\"page\">\n\t\t\t\t<div class=\"elementor-element elementor-element-a0eb1fd e-flex e-con-boxed e-con e-parent\" data-id=\"a0eb1fd\" data-element_type=\"container\" data-e-type=\"container\">\n\t\t\t\t\t<div class=\"e-con-inner\">\n\t\t\t\t<div class=\"elementor-element elementor-element-703828c elementor-widget-divider--view-line elementor-widget elementor-widget-divider\" data-id=\"703828c\" data-element_type=\"widget\" data-e-type=\"widget\" data-widget_type=\"divider.default\">\n\t\t\t\t\t\t\t<div class=\"elementor-divider\">\n\t\t\t<span class=\"elementor-divider-separator\">\n\t\t\t\t\t\t<\/span>\n\t\t<\/div>\n\t\t\t\t\t\t<\/div>\n\t\t\t\t\t<\/div>\n\t\t\t\t<\/div>\n\t\t<div class=\"elementor-element elementor-element-d47f628 e-flex e-con-boxed e-con e-parent\" data-id=\"d47f628\" data-element_type=\"container\" data-e-type=\"container\">\n\t\t\t\t\t<div class=\"e-con-inner\">\n\t\t\t\t<div class=\"elementor-element elementor-element-2f8ec66 elementor-widget elementor-widget-image\" data-id=\"2f8ec66\" data-element_type=\"widget\" data-e-type=\"widget\" data-widget_type=\"image.default\">\n\t\t\t\t\t\t\t\t\t\t\t\t\t\t\t<img decoding=\"async\" width=\"283\" height=\"85\" src=\"https:\/\/centerstore.es\/wp-content\/uploads\/2026\/04\/LOGO-center-store.png\" class=\"attachment-large size-large wp-image-1300\" alt=\"\" \/>\t\t\t\t\t\t\t\t\t\t\t\t\t\t\t<\/div>\n\t\t\t\t<div class=\"elementor-element elementor-element-c340acd elementor-widget elementor-widget-heading\" data-id=\"c340acd\" data-element_type=\"widget\" data-e-type=\"widget\" data-widget_type=\"heading.default\">\n\t\t\t\t\t<h2 class=\"elementor-heading-title elementor-size-default\">CENTRO DE FORMACI\u00d3N<\/h2>\t\t\t\t<\/div>\n\t\t\t\t<div class=\"elementor-element elementor-element-37c9cad elementor-widget elementor-widget-heading\" data-id=\"37c9cad\" data-element_type=\"widget\" data-e-type=\"widget\" data-widget_type=\"heading.default\">\n\t\t\t\t\t<h2 class=\"elementor-heading-title elementor-size-default\">PARA EMPRESAS Y AUT\u00d3NOMOS<\/h2>\t\t\t\t<\/div>\n\t\t\t\t<div class=\"elementor-element elementor-element-c415c2d elementor-widget elementor-widget-text-editor\" data-id=\"c415c2d\" data-element_type=\"widget\" data-e-type=\"widget\" data-widget_type=\"text-editor.default\">\n\t\t\t\t\t\t\t\t\t<p><style>\na {\n    text-decoration: none;\n    color: #464feb;\n}\ntr th, tr td {\n    border: 1px solid #e6e6e6;\n}\ntr th {\n    background-color: #f5f5f5;\n}\n<\/style><\/p><div>En AC CENTER impulsamos tu talento con formaci\u00f3n creativa, pr\u00e1ctica y actual, para que transformes ideas en soluciones reales y alcances nuevas oportunidades profesionales.<\/div>\t\t\t\t\t\t\t\t<\/div>\n\t\t\t\t\t<\/div>\n\t\t\t\t<\/div>\n\t\t<div class=\"elementor-element elementor-element-e3d9aa5 e-flex e-con-boxed e-con e-parent\" data-id=\"e3d9aa5\" data-element_type=\"container\" data-e-type=\"container\">\n\t\t\t\t\t<div class=\"e-con-inner\">\n\t\t\t\t<div class=\"elementor-element elementor-element-e3eef69 elementor-widget elementor-widget-image\" data-id=\"e3eef69\" data-element_type=\"widget\" data-e-type=\"widget\" data-widget_type=\"image.default\">\n\t\t\t\t\t\t\t\t\t\t\t\t\t\t\t<img fetchpriority=\"high\" decoding=\"async\" width=\"800\" height=\"398\" src=\"https:\/\/centerstore.es\/wp-content\/uploads\/2026\/04\/paquetes-juntos-1024x510.jpg\" class=\"attachment-large size-large wp-image-1244\" alt=\"\" srcset=\"https:\/\/centerstore.es\/wp-content\/uploads\/2026\/04\/paquetes-juntos-1024x510.jpg 1024w, https:\/\/centerstore.es\/wp-content\/uploads\/2026\/04\/paquetes-juntos-300x149.jpg 300w, https:\/\/centerstore.es\/wp-content\/uploads\/2026\/04\/paquetes-juntos-768x383.jpg 768w, https:\/\/centerstore.es\/wp-content\/uploads\/2026\/04\/paquetes-juntos.jpg 1536w\" sizes=\"(max-width: 800px) 100vw, 800px\" \/>\t\t\t\t\t\t\t\t\t\t\t\t\t\t\t<\/div>\n\t\t\t\t<div class=\"elementor-element elementor-element-ba586bb elementor-widget elementor-widget-text-editor\" data-id=\"ba586bb\" data-element_type=\"widget\" data-e-type=\"widget\" data-widget_type=\"text-editor.default\">\n\t\t\t\t\t\t\t\t\t<p><style>\na {<br \/>\n    text-decoration: none;<br \/>\n    color: #464feb;<br \/>\n}<br \/>\ntr th, tr td {<br \/>\n    border: 1px solid #e6e6e6;<br \/>\n}<br \/>\ntr th {<br \/>\n    background-color: #f5f5f5;<br \/>\n}<br \/>\n<\/style><\/p><div>Despertamos tu creatividad y te guiamos para convertir cada aprendizaje en una oportunidad, impulsando un futuro lleno de posibilidades .<\/div>\t\t\t\t\t\t\t\t<\/div>\n\t\t\t\t\t<\/div>\n\t\t\t\t<\/div>\n\t\t<div class=\"elementor-element elementor-element-f47acc7 e-flex e-con-boxed e-con e-parent\" data-id=\"f47acc7\" data-element_type=\"container\" data-e-type=\"container\">\n\t\t\t\t\t<div class=\"e-con-inner\">\n\t\t\t\t<div class=\"elementor-element elementor-element-049faa0 elementor-widget-divider--view-line elementor-widget elementor-widget-divider\" data-id=\"049faa0\" data-element_type=\"widget\" data-e-type=\"widget\" data-widget_type=\"divider.default\">\n\t\t\t\t\t\t\t<div class=\"elementor-divider\">\n\t\t\t<span class=\"elementor-divider-separator\">\n\t\t\t\t\t\t<\/span>\n\t\t<\/div>\n\t\t\t\t\t\t<\/div>\n\t\t\t\t\t<\/div>\n\t\t\t\t<\/div>\n\t\t<div class=\"elementor-element elementor-element-996b217 e-grid e-con-boxed e-con e-parent\" data-id=\"996b217\" data-element_type=\"container\" data-e-type=\"container\">\n\t\t\t\t\t<div class=\"e-con-inner\">\n\t\t\t\t<div class=\"elementor-element elementor-element-55b837b elementor-widget elementor-widget-image\" data-id=\"55b837b\" data-element_type=\"widget\" data-e-type=\"widget\" data-widget_type=\"image.default\">\n\t\t\t\t\t\t\t\t\t\t\t\t\t\t\t<img decoding=\"async\" width=\"800\" height=\"534\" src=\"https:\/\/centerstore.es\/wp-content\/uploads\/2026\/04\/quienes-1024x683.jpg\" class=\"attachment-large size-large wp-image-1248\" alt=\"\" srcset=\"https:\/\/centerstore.es\/wp-content\/uploads\/2026\/04\/quienes-1024x683.jpg 1024w, https:\/\/centerstore.es\/wp-content\/uploads\/2026\/04\/quienes-300x200.jpg 300w, https:\/\/centerstore.es\/wp-content\/uploads\/2026\/04\/quienes-768x512.jpg 768w, https:\/\/centerstore.es\/wp-content\/uploads\/2026\/04\/quienes.jpg 1536w\" sizes=\"(max-width: 800px) 100vw, 800px\" \/>\t\t\t\t\t\t\t\t\t\t\t\t\t\t\t<\/div>\n\t\t\t\t<div class=\"elementor-element elementor-element-ec02de4 elementor-widget__width-initial elementor-widget elementor-widget-text-editor\" data-id=\"ec02de4\" data-element_type=\"widget\" data-e-type=\"widget\" data-widget_type=\"text-editor.default\">\n\t\t\t\t\t\t\t\t\t<p><style>\na {\n    text-decoration: none;\n    color: #464feb;\n}\ntr th, tr td {\n    border: 1px solid #e6e6e6;\n}\ntr th {\n    background-color: #f5f5f5;\n}\n<\/style>En <strong>AC CENTER<\/strong> somos un centro de formaci\u00f3n especializado en ayudar a empresas y aut\u00f3nomos a potenciar sus habilidades digitales y creativas. Nuestro prop\u00f3sito es ofrecer una ense\u00f1anza pr\u00e1ctica, actual y cercana, dise\u00f1ada para mejorar la productividad y abrir nuevas oportunidades profesionales reales.<\/p><div><p>Creemos en una formaci\u00f3n que inspire, que motive y que se adapte a las necesidades reales del mercado. Por eso, nuestros cursos de dise\u00f1o gr\u00e1fico, herramientas creativas y nuevas tecnolog\u00edas \u2014como Photoshop, Illustrator o IA aplicada\u2014 est\u00e1n impartidos por profesionales con amplia experiencia y compromiso.<\/p><p>En AC CENTER acompa\u00f1amos a cada estudiante en su proceso de aprendizaje, proporcionando recursos, apoyo y una metodolog\u00eda clara para que cada persona alcance sus objetivos. Somos un espacio donde las ideas crecen, las habilidades se transforman y los proyectos obtienen resultados significativos.<\/p><\/div>\t\t\t\t\t\t\t\t<\/div>\n\t\t\t\t\t<\/div>\n\t\t\t\t<\/div>\n\t\t<div class=\"elementor-element elementor-element-1169a90 e-flex e-con-boxed e-con e-parent\" data-id=\"1169a90\" data-element_type=\"container\" data-e-type=\"container\">\n\t\t\t\t\t<div class=\"e-con-inner\">\n\t\t\t\t<div class=\"elementor-element elementor-element-0eb8cd5 elementor-widget elementor-widget-menu-anchor\" data-id=\"0eb8cd5\" data-element_type=\"widget\" data-e-type=\"widget\" data-widget_type=\"menu-anchor.default\">\n\t\t\t\t\t\t\t<div class=\"elementor-menu-anchor\" id=\"CURSOS\"><\/div>\n\t\t\t\t\t\t<\/div>\n\t\t\t\t<div class=\"elementor-element elementor-element-54bf2c2 elementor-widget-divider--separator-type-pattern elementor-widget-divider--view-line elementor-widget elementor-widget-divider\" data-id=\"54bf2c2\" data-element_type=\"widget\" data-e-type=\"widget\" data-widget_type=\"divider.default\">\n\t\t\t\t\t\t\t<div class=\"elementor-divider\" style=\"--divider-pattern-url: url(&quot;data:image\/svg+xml,%3Csvg xmlns=&#039;http:\/\/www.w3.org\/2000\/svg&#039; preserveAspectRatio=&#039;none&#039; overflow=&#039;visible&#039; height=&#039;100%&#039; viewBox=&#039;0 0 24 24&#039; fill=&#039;none&#039; stroke=&#039;black&#039; stroke-width=&#039;1&#039; stroke-linecap=&#039;square&#039; stroke-miterlimit=&#039;10&#039;%3E%3Cpolyline points=&#039;0,6 6,6 6,18 18,18 18,6 24,6 \t&#039;\/%3E%3C\/svg%3E&quot;);\">\n\t\t\t<span class=\"elementor-divider-separator\">\n\t\t\t\t\t\t<\/span>\n\t\t<\/div>\n\t\t\t\t\t\t<\/div>\n\t\t\t\t\t<\/div>\n\t\t\t\t<\/div>\n\t\t<div class=\"elementor-element elementor-element-68e29d1 e-grid e-con-boxed e-con e-parent\" data-id=\"68e29d1\" data-element_type=\"container\" data-e-type=\"container\">\n\t\t\t\t\t<div class=\"e-con-inner\">\n\t\t<div class=\"elementor-element elementor-element-ca6635e e-con-full e-flex e-con e-child\" data-id=\"ca6635e\" data-element_type=\"container\" data-e-type=\"container\">\n\t\t\t\t<div class=\"elementor-element elementor-element-4688b5f elementor-widget elementor-widget-image\" data-id=\"4688b5f\" data-element_type=\"widget\" data-e-type=\"widget\" data-widget_type=\"image.default\">\n\t\t\t\t\t\t\t\t\t\t\t\t\t\t\t<img loading=\"lazy\" decoding=\"async\" width=\"800\" height=\"800\" src=\"https:\/\/centerstore.es\/wp-content\/uploads\/2026\/04\/c-photoshop-1024x1024.jpg\" class=\"attachment-large size-large wp-image-1243\" alt=\"\" srcset=\"https:\/\/centerstore.es\/wp-content\/uploads\/2026\/04\/c-photoshop-1024x1024.jpg 1024w, https:\/\/centerstore.es\/wp-content\/uploads\/2026\/04\/c-photoshop-300x300.jpg 300w, https:\/\/centerstore.es\/wp-content\/uploads\/2026\/04\/c-photoshop-150x150.jpg 150w, https:\/\/centerstore.es\/wp-content\/uploads\/2026\/04\/c-photoshop-768x768.jpg 768w, https:\/\/centerstore.es\/wp-content\/uploads\/2026\/04\/c-photoshop.jpg 1181w\" sizes=\"(max-width: 800px) 100vw, 800px\" \/>\t\t\t\t\t\t\t\t\t\t\t\t\t\t\t<\/div>\n\t\t\t\t<div class=\"elementor-element elementor-element-6c21444 elementor-widget elementor-widget-text-editor\" data-id=\"6c21444\" data-element_type=\"widget\" data-e-type=\"widget\" data-widget_type=\"text-editor.default\">\n\t\t\t\t\t\t\t\t\t<p><style>\na {\n    text-decoration: none;\n    color: #464feb;\n}\ntr th, tr td {\n    border: 1px solid #e6e6e6;\n}\ntr th {\n    background-color: #f5f5f5;\n}\n<\/style><\/p><div>El <strong>Curso de Photoshop de AC CENTER<\/strong> te introduce en la edici\u00f3n y creaci\u00f3n visual de forma pr\u00e1ctica. Aprender\u00e1s retoque fotogr\u00e1fico, composici\u00f3n, uso de capas, m\u00e1scaras, color y t\u00e9cnicas creativas para dise\u00f1ar piezas profesionales. Ideal para mejorar tus habilidades y desarrollar proyectos con un acabado moderno y atractivo.<\/div>\t\t\t\t\t\t\t\t<\/div>\n\t\t\t\t<div class=\"elementor-element elementor-element-c27bc54 elementor-widget elementor-widget-text-editor\" data-id=\"c27bc54\" data-element_type=\"widget\" data-e-type=\"widget\" data-widget_type=\"text-editor.default\">\n\t\t\t\t\t\t\t\t\t<p>Desde 999\u20ac<\/p>\t\t\t\t\t\t\t\t<\/div>\n\t\t\t\t<div class=\"elementor-element elementor-element-3cb2233 elementor-align-center elementor-widget elementor-widget-button\" data-id=\"3cb2233\" data-element_type=\"widget\" data-e-type=\"widget\" data-widget_type=\"button.default\">\n\t\t\t\t\t\t\t\t\t\t<a class=\"elementor-button elementor-button-link elementor-size-sm\" href=\"https:\/\/centerstore.es\/index.php\/photoshop\/\">\n\t\t\t\t\t\t<span class=\"elementor-button-content-wrapper\">\n\t\t\t\t\t\t\t\t\t<span class=\"elementor-button-text\">ME INTERESA<\/span>\n\t\t\t\t\t<\/span>\n\t\t\t\t\t<\/a>\n\t\t\t\t\t\t\t\t<\/div>\n\t\t\t\t<\/div>\n\t\t<div class=\"elementor-element elementor-element-40ce3a0 e-con-full e-flex e-con e-child\" data-id=\"40ce3a0\" data-element_type=\"container\" data-e-type=\"container\">\n\t\t\t\t<div class=\"elementor-element elementor-element-8f8c35c elementor-widget elementor-widget-image\" data-id=\"8f8c35c\" data-element_type=\"widget\" data-e-type=\"widget\" data-widget_type=\"image.default\">\n\t\t\t\t\t\t\t\t\t\t\t\t\t\t\t<img loading=\"lazy\" decoding=\"async\" width=\"800\" height=\"800\" src=\"https:\/\/centerstore.es\/wp-content\/uploads\/2026\/04\/c-illustrator-1024x1024.jpg\" class=\"attachment-large size-large wp-image-1242\" alt=\"\" srcset=\"https:\/\/centerstore.es\/wp-content\/uploads\/2026\/04\/c-illustrator-1024x1024.jpg 1024w, https:\/\/centerstore.es\/wp-content\/uploads\/2026\/04\/c-illustrator-300x300.jpg 300w, https:\/\/centerstore.es\/wp-content\/uploads\/2026\/04\/c-illustrator-150x150.jpg 150w, https:\/\/centerstore.es\/wp-content\/uploads\/2026\/04\/c-illustrator-768x768.jpg 768w, https:\/\/centerstore.es\/wp-content\/uploads\/2026\/04\/c-illustrator.jpg 1181w\" sizes=\"(max-width: 800px) 100vw, 800px\" \/>\t\t\t\t\t\t\t\t\t\t\t\t\t\t\t<\/div>\n\t\t\t\t<div class=\"elementor-element elementor-element-50e6402 elementor-widget elementor-widget-text-editor\" data-id=\"50e6402\" data-element_type=\"widget\" data-e-type=\"widget\" data-widget_type=\"text-editor.default\">\n\t\t\t\t\t\t\t\t\t<p><style>\na {\n    text-decoration: none;\n    color: #464feb;\n}\ntr th, tr td {\n    border: 1px solid #e6e6e6;\n}\ntr th {\n    background-color: #f5f5f5;\n}\n<\/style><\/p><div>El <strong>Curso de Photoshop de AC CENTER<\/strong> te introduce en la edici\u00f3n y creaci\u00f3n visual de forma pr\u00e1ctica. Aprender\u00e1s retoque fotogr\u00e1fico, composici\u00f3n, uso de capas, m\u00e1scaras, color y t\u00e9cnicas creativas para dise\u00f1ar piezas profesionales. Ideal para mejorar tus habilidades y desarrollar proyectos con un acabado moderno y atractivo.<\/div>\t\t\t\t\t\t\t\t<\/div>\n\t\t\t\t<div class=\"elementor-element elementor-element-de658d2 elementor-widget elementor-widget-text-editor\" data-id=\"de658d2\" data-element_type=\"widget\" data-e-type=\"widget\" data-widget_type=\"text-editor.default\">\n\t\t\t\t\t\t\t\t\t<p>Desde 999\u20ac<\/p>\t\t\t\t\t\t\t\t<\/div>\n\t\t\t\t<div class=\"elementor-element elementor-element-c1e2bfd elementor-align-center elementor-widget elementor-widget-button\" data-id=\"c1e2bfd\" data-element_type=\"widget\" data-e-type=\"widget\" data-widget_type=\"button.default\">\n\t\t\t\t\t\t\t\t\t\t<a class=\"elementor-button elementor-button-link elementor-size-sm\" href=\"https:\/\/centerstore.es\/index.php\/illustrator\/\">\n\t\t\t\t\t\t<span class=\"elementor-button-content-wrapper\">\n\t\t\t\t\t\t\t\t\t<span class=\"elementor-button-text\">ME INTERESA<\/span>\n\t\t\t\t\t<\/span>\n\t\t\t\t\t<\/a>\n\t\t\t\t\t\t\t\t<\/div>\n\t\t\t\t<\/div>\n\t\t<div class=\"elementor-element elementor-element-238b854 e-con-full e-flex e-con e-child\" data-id=\"238b854\" data-element_type=\"container\" data-e-type=\"container\">\n\t\t\t\t<div class=\"elementor-element elementor-element-0f8981d elementor-widget elementor-widget-image\" data-id=\"0f8981d\" data-element_type=\"widget\" data-e-type=\"widget\" data-widget_type=\"image.default\">\n\t\t\t\t\t\t\t\t\t\t\t\t\t\t\t<img loading=\"lazy\" decoding=\"async\" width=\"800\" height=\"800\" src=\"https:\/\/centerstore.es\/wp-content\/uploads\/2026\/04\/c-chat-1024x1024.jpg\" class=\"attachment-large size-large wp-image-1241\" alt=\"\" srcset=\"https:\/\/centerstore.es\/wp-content\/uploads\/2026\/04\/c-chat-1024x1024.jpg 1024w, https:\/\/centerstore.es\/wp-content\/uploads\/2026\/04\/c-chat-300x300.jpg 300w, https:\/\/centerstore.es\/wp-content\/uploads\/2026\/04\/c-chat-150x150.jpg 150w, https:\/\/centerstore.es\/wp-content\/uploads\/2026\/04\/c-chat-768x768.jpg 768w, https:\/\/centerstore.es\/wp-content\/uploads\/2026\/04\/c-chat.jpg 1181w\" sizes=\"(max-width: 800px) 100vw, 800px\" \/>\t\t\t\t\t\t\t\t\t\t\t\t\t\t\t<\/div>\n\t\t\t\t<div class=\"elementor-element elementor-element-467f761 elementor-widget elementor-widget-text-editor\" data-id=\"467f761\" data-element_type=\"widget\" data-e-type=\"widget\" data-widget_type=\"text-editor.default\">\n\t\t\t\t\t\t\t\t\t<p><style>\na {\n    text-decoration: none;\n    color: #464feb;\n}\ntr th, tr td {\n    border: 1px solid #e6e6e6;\n}\ntr th {\n    background-color: #f5f5f5;\n}\n<\/style><\/p><div>El <strong>Curso de ChatGPT de AC CENTER<\/strong> te ense\u00f1a a utilizar la inteligencia artificial para mejorar tu productividad, crear contenidos, automatizar tareas y optimizar la comunicaci\u00f3n. Aprender\u00e1s estrategias pr\u00e1cticas, comandos efectivos y aplicaciones reales para integrar la IA en tu trabajo diario y potenciar tus proyectos profesionales.<\/div>\t\t\t\t\t\t\t\t<\/div>\n\t\t\t\t<div class=\"elementor-element elementor-element-e8294fe elementor-widget elementor-widget-text-editor\" data-id=\"e8294fe\" data-element_type=\"widget\" data-e-type=\"widget\" data-widget_type=\"text-editor.default\">\n\t\t\t\t\t\t\t\t\t<p>Desde 999\u20ac<\/p>\t\t\t\t\t\t\t\t<\/div>\n\t\t\t\t<div class=\"elementor-element elementor-element-b03a3db elementor-align-center elementor-widget elementor-widget-button\" data-id=\"b03a3db\" data-element_type=\"widget\" data-e-type=\"widget\" data-widget_type=\"button.default\">\n\t\t\t\t\t\t\t\t\t\t<a class=\"elementor-button elementor-button-link elementor-size-sm\" href=\"https:\/\/centerstore.es\/index.php\/chatgpt\/\">\n\t\t\t\t\t\t<span class=\"elementor-button-content-wrapper\">\n\t\t\t\t\t\t\t\t\t<span class=\"elementor-button-text\">ME INTERESA<\/span>\n\t\t\t\t\t<\/span>\n\t\t\t\t\t<\/a>\n\t\t\t\t\t\t\t\t<\/div>\n\t\t\t\t<\/div>\n\t\t\t\t\t<\/div>\n\t\t\t\t<\/div>\n\t\t<div class=\"elementor-element elementor-element-a186078 e-flex e-con-boxed e-con e-parent\" data-id=\"a186078\" data-element_type=\"container\" data-e-type=\"container\">\n\t\t\t\t\t<div class=\"e-con-inner\">\n\t\t\t\t<div class=\"elementor-element elementor-element-8c40997 elementor-widget elementor-widget-spacer\" data-id=\"8c40997\" data-element_type=\"widget\" data-e-type=\"widget\" data-widget_type=\"spacer.default\">\n\t\t\t\t\t\t\t<div class=\"elementor-spacer\">\n\t\t\t<div class=\"elementor-spacer-inner\"><\/div>\n\t\t<\/div>\n\t\t\t\t\t\t<\/div>\n\t\t\t\t\t<\/div>\n\t\t\t\t<\/div>\n\t\t\t\t<\/div>\n\t\t","protected":false},"excerpt":{"rendered":"<p>CENTRO DE FORMACI\u00d3N PARA EMPRESAS Y AUT\u00d3NOMOS En AC CENTER impulsamos tu talento con formaci\u00f3n creativa, pr\u00e1ctica y actual, para que transformes ideas en soluciones reales y alcances nuevas oportunidades profesionales. Despertamos tu creatividad y te guiamos para convertir cada aprendizaje en una oportunidad, impulsando un futuro lleno de posibilidades . En AC CENTER somos [&hellip;]<\/p>\n","protected":false},"author":1,"featured_media":0,"parent":0,"menu_order":0,"comment_status":"closed","ping_status":"closed","template":"elementor_header_footer","meta":{"footnotes":""},"class_list":["post-1229","page","type-page","status-publish","hentry"],"_links":{"self":[{"href":"https:\/\/centerstore.es\/index.php\/wp-json\/wp\/v2\/pages\/1229","targetHints":{"allow":["GET"]}}],"collection":[{"href":"https:\/\/centerstore.es\/index.php\/wp-json\/wp\/v2\/pages"}],"about":[{"href":"https:\/\/centerstore.es\/index.php\/wp-json\/wp\/v2\/types\/page"}],"author":[{"embeddable":true,"href":"https:\/\/centerstore.es\/index.php\/wp-json\/wp\/v2\/users\/1"}],"replies":[{"embeddable":true,"href":"https:\/\/centerstore.es\/index.php\/wp-json\/wp\/v2\/comments?post=1229"}],"version-history":[{"count":73,"href":"https:\/\/centerstore.es\/index.php\/wp-json\/wp\/v2\/pages\/1229\/revisions"}],"predecessor-version":[{"id":1372,"href":"https:\/\/centerstore.es\/index.php\/wp-json\/wp\/v2\/pages\/1229\/revisions\/1372"}],"wp:attachment":[{"href":"https:\/\/centerstore.es\/index.php\/wp-json\/wp\/v2\/media?parent=1229"}],"curies":[{"name":"wp","href":"https:\/\/api.w.org\/{rel}","templated":true}]}}